{"id":1927,"date":"2021-03-26T19:30:53","date_gmt":"2021-03-26T18:30:53","guid":{"rendered":"http:\/\/pilatesdelateteauxpieds.com\/?page_id=1927"},"modified":"2023-10-03T09:21:06","modified_gmt":"2023-10-03T07:21:06","slug":"studio-pilates-paris-2eme","status":"publish","type":"page","link":"https:\/\/www.pilatesdelateteauxpieds.com\/en\/studio-pilates-paris-2eme\/","title":{"rendered":"The Studio"},"content":{"rendered":"<section class=\"wpb-content-wrapper\"><div class=\"vc_row wpb_row vc_row-fluid\"><div class=\"wpb_column vc_column_container vc_col-sm-12 sc_layouts_column_icons_position_left\"><div class=\"vc_column-inner\"><div class=\"wpb_wrapper\"><div id=\"sc_content_1008672201\"\n\t\tclass=\"sc_content sc_content_default sc_float_center hide_icon\"><div class=\"sc_item_descr sc_content_descr sc_align_center\">Rendez-vous dans le 2\u00e8me arrondissement de Paris, au coeur du quartier R\u00e9aumur-S\u00e9bastopol, dans un studio priv\u00e9 rempli de lumi\u00e8re, \u00e9quip\u00e9 de tous les accessoires n\u00e9cessaires pour la pratique du Pilates : tapis individuels, ballons, chaises d'entrainement Exo\u00ae Chair, Pilates Springboards\u2122 au mur, ainsi qu'un espace pour se changer.<\/div><div class=\"sc_content_container\"><div class=\"vc_empty_space\"   style=\"height: 2.7em\"><span class=\"vc_empty_space_inner\"><\/span><\/div><div class=\"wpb_gallery wpb_content_element vc_clearfix\" ><div class=\"wpb_wrapper\"><div class=\"wpb_gallery_slides wpb_image_grid\" data-interval=\"3\"><ul class=\"wpb_image_grid_ul\"><li class=\"isotope-item\"><a class=\"\" href=\"https:\/\/www.pilatesdelateteauxpieds.com\/wp-content\/uploads\/2021\/05\/pilatesdelateteauxpieds-studio-pilates-de-la-tete-aux-pieds-01-829x1024.jpg\" data-lightbox=\"lightbox[rel-1927-1542582058]\"><img loading=\"lazy\" decoding=\"async\" class=\"\" src=\"https:\/\/www.pilatesdelateteauxpieds.com\/wp-content\/uploads\/2021\/05\/pilatesdelateteauxpieds-studio-pilates-de-la-tete-aux-pieds-01-280x280.jpg\" width=\"280\" height=\"280\" alt=\"Location de Studio de Pilates \u00e0 Paris\" title=\"Studio Pilates de la t\u00eate aux pieds Paris\" \/><\/a><\/li><li class=\"isotope-item\"><a class=\"\" href=\"https:\/\/www.pilatesdelateteauxpieds.com\/wp-content\/uploads\/2021\/05\/pilatesdelateteauxpieds-studio-pilates-de-la-tete-aux-pieds-02-682x1024.jpg\" data-lightbox=\"lightbox[rel-1927-1542582058]\"><img loading=\"lazy\" decoding=\"async\" class=\"\" src=\"https:\/\/www.pilatesdelateteauxpieds.com\/wp-content\/uploads\/2021\/05\/pilatesdelateteauxpieds-studio-pilates-de-la-tete-aux-pieds-02-280x280.jpg\" width=\"280\" height=\"280\" alt=\"Studio de Pilates \u00e0 Paris 2\u00e8me arrondissement\" title=\"Studio Pilates de la t\u00eate aux pieds Paris\" \/><\/a><\/li><li class=\"isotope-item\"><a class=\"\" href=\"https:\/\/www.pilatesdelateteauxpieds.com\/wp-content\/uploads\/2021\/05\/pilatesdelateteauxpieds-studio-pilates-de-la-tete-aux-pieds-03-682x1024.jpg\" data-lightbox=\"lightbox[rel-1927-1542582058]\"><img loading=\"lazy\" decoding=\"async\" class=\"\" src=\"https:\/\/www.pilatesdelateteauxpieds.com\/wp-content\/uploads\/2021\/05\/pilatesdelateteauxpieds-studio-pilates-de-la-tete-aux-pieds-03-280x280.jpg\" width=\"280\" height=\"280\" alt=\"Prof dipl\u00f4m\u00e9e de Pilates \u00e0 Paris cours particuliers\" title=\"Studio Pilates de la t\u00eate aux pieds Paris\" \/><\/a><\/li><li class=\"isotope-item\"><a class=\"\" href=\"https:\/\/www.pilatesdelateteauxpieds.com\/wp-content\/uploads\/2021\/05\/pilatesdelateteauxpieds-studio-pilates-de-la-tete-aux-pieds-06-682x1024.jpg\" data-lightbox=\"lightbox[rel-1927-1542582058]\"><img loading=\"lazy\" decoding=\"async\" class=\"\" src=\"https:\/\/www.pilatesdelateteauxpieds.com\/wp-content\/uploads\/2021\/05\/pilatesdelateteauxpieds-studio-pilates-de-la-tete-aux-pieds-06-280x280.jpg\" width=\"280\" height=\"280\" alt=\"Studio Pilates avec machines\" title=\"Studio Pilates de la t\u00eate aux pieds \u00e0 Paris\" \/><\/a><\/li><li class=\"isotope-item\"><a class=\"\" href=\"https:\/\/www.pilatesdelateteauxpieds.com\/wp-content\/uploads\/2021\/05\/pilatesdelateteauxpieds-studio-pilates-de-la-tete-aux-pieds-07-682x1024.jpg\" data-lightbox=\"lightbox[rel-1927-1542582058]\"><img loading=\"lazy\" decoding=\"async\" class=\"\" src=\"https:\/\/www.pilatesdelateteauxpieds.com\/wp-content\/uploads\/2021\/05\/pilatesdelateteauxpieds-studio-pilates-de-la-tete-aux-pieds-07-280x280.jpg\" width=\"280\" height=\"280\" alt=\"Studio Pilates de la t\u00eate aux pieds machine cours\" title=\"Studio Pilates de la t\u00eate aux pieds Paris 75002\" \/><\/a><\/li><li class=\"isotope-item\"><a class=\"\" href=\"https:\/\/www.pilatesdelateteauxpieds.com\/wp-content\/uploads\/2021\/05\/pilatesdelateteauxpieds-studio-pilates-de-la-tete-aux-pieds-05-656x1024.jpg\" data-lightbox=\"lightbox[rel-1927-1542582058]\"><img loading=\"lazy\" decoding=\"async\" class=\"\" src=\"https:\/\/www.pilatesdelateteauxpieds.com\/wp-content\/uploads\/2021\/05\/pilatesdelateteauxpieds-studio-pilates-de-la-tete-aux-pieds-05-280x280.jpg\" width=\"280\" height=\"280\" alt=\"Studio de Pilates \u00e9quip\u00e9 de machines \u00e0 Paris\" title=\"Studio Pilates de la t\u00eate aux pieds Paris 75002\" \/><\/a><\/li><li class=\"isotope-item\"><a class=\"\" href=\"https:\/\/www.pilatesdelateteauxpieds.com\/wp-content\/uploads\/2021\/05\/pilatesdelateteauxpieds-studio-pilates-de-la-tete-aux-pieds-043-1024x682.jpg\" data-lightbox=\"lightbox[rel-1927-1542582058]\"><img loading=\"lazy\" decoding=\"async\" class=\"\" src=\"https:\/\/www.pilatesdelateteauxpieds.com\/wp-content\/uploads\/2021\/05\/pilatesdelateteauxpieds-studio-pilates-de-la-tete-aux-pieds-043-280x280.jpg\" width=\"280\" height=\"280\" alt=\"Studio Pilates avec Wall-unit et machine Paris\" title=\"Studio Pilates de la t\u00eate aux pieds Paris\" \/><\/a><\/li><li class=\"isotope-item\"><a class=\"\" href=\"https:\/\/www.pilatesdelateteauxpieds.com\/wp-content\/uploads\/2021\/05\/pilatesdelateteauxpieds-studio-pilates-de-la-tete-aux-pieds-08-639x1024.jpg\" data-lightbox=\"lightbox[rel-1927-1542582058]\"><img loading=\"lazy\" decoding=\"async\" class=\"\" src=\"https:\/\/www.pilatesdelateteauxpieds.com\/wp-content\/uploads\/2021\/05\/pilatesdelateteauxpieds-studio-pilates-de-la-tete-aux-pieds-08-280x280.jpg\" width=\"280\" height=\"280\" alt=\"Studio Pilates de la t\u00eate aux pieds \u00e0 Paris\" title=\"Studio Pilates de la t\u00eate aux pieds Paris 2\" \/><\/a><\/li><\/ul><\/div><\/div><\/div><div class=\"vc_empty_space\"   style=\"height: 2.2em\"><span class=\"vc_empty_space_inner\"><\/span><\/div><\/div><\/div><!-- \/.sc_content --><\/div><\/div><\/div><\/div><div class=\"vc_row wpb_row vc_row-fluid\"><div class=\"wpb_column vc_column_container vc_col-sm-12 sc_layouts_column_icons_position_left\"><div class=\"vc_column-inner\"><div class=\"wpb_wrapper\"><div class=\"vc_empty_space\"   style=\"height: 30px\"><span class=\"vc_empty_space_inner\"><\/span><\/div><\/div><\/div><\/div><\/div><div class=\"vc_row wpb_row vc_row-fluid\"><div class=\"wpb_column vc_column_container vc_col-sm-12 sc_layouts_column_icons_position_left\"><div class=\"vc_column-inner\"><div class=\"wpb_wrapper\">\n\t<div class=\"wpb_text_column wpb_content_element \" >\n\t\t<div class=\"wpb_wrapper\">\n\t\t\t<h3 style=\"text-align: center;\">PILATES DE LA T\u00caTE AUX PIEDS<br \/>\nStudio de Pilates \u00e0 Paris<\/h3>\n<p style=\"text-align: center;\">192 Rue Saint-Denis, 75002 Paris<br \/>\n06 72 82 76 25<br \/>\nemily@pilatesdelateteauxpieds.com<\/p>\n<p style=\"text-align: center;\">M\u00e9tro les plus proches : R\u00e9aumur-S\u00e9bastopol, Strasbourg-Saint Denis, Arts et M\u00e9tiers, \u00c9tienne Marcel et Sentier.<\/p>\n\n\t\t<\/div>\n\t<\/div>\n<div class=\"vc_empty_space\"   style=\"height: 30px\"><span class=\"vc_empty_space_inner\"><\/span><\/div><div class=\"wpb_gmaps_widget wpb_content_element\"><div class=\"wpb_wrapper\"><div class=\"wpb_map_wraper\"><iframe src=\"https:\/\/www.google.com\/maps\/embed?pb=!1m18!1m12!1m3!1d2624.5409599253494!2d2.349279551367734!3d48.86696320795534!2m3!1f0!2f0!3f0!3m2!1i1024!2i768!4f13.1!3m3!1m2!1s0x47e66f4011a2ae61%3A0x121e6233293574f6!2sPilates%20de%20la%20tete%20aux%20pieds!5e0!3m2!1sfr!2sfr!4v1615920190115!5m2!1sfr!2sfr\" width=\"600\" height=\"450\" style=\"border:0;\" allowfullscreen=\"\" loading=\"lazy\"><\/iframe><\/div><\/div><\/div><\/div><\/div><\/div><\/div>\n<\/section>","protected":false},"excerpt":{"rendered":"Rendez-vous dans le 2\u00e8me arrondissement de Paris, au coeur du quartier R\u00e9aumur-S\u00e9bastopol, dans un studio priv\u00e9 rempli de lumi\u00e8re, \u00e9quip\u00e9 de tous les accessoires n\u00e9cessaires pour la pratique du Pilates : tapis individuels, ballons, chaises d'entrainement Exo\u00ae Chair, Pilates Springboards\u2122 au mur, ainsi qu'un espace pour se changer. PILATES DE LA T\u00caTE AUX PIEDS Studio de Pilates \u00e0 Paris 192&hellip;","protected":false},"author":7,"featured_media":0,"parent":0,"menu_order":0,"comment_status":"closed","ping_status":"closed","template":"","meta":{"footnotes":""},"class_list":["post-1927","page","type-page","status-publish","hentry"],"_links":{"self":[{"href":"https:\/\/www.pilatesdelateteauxpieds.com\/en\/wp-json\/wp\/v2\/pages\/1927","targetHints":{"allow":["GET"]}}],"collection":[{"href":"https:\/\/www.pilatesdelateteauxpieds.com\/en\/wp-json\/wp\/v2\/pages"}],"about":[{"href":"https:\/\/www.pilatesdelateteauxpieds.com\/en\/wp-json\/wp\/v2\/types\/page"}],"author":[{"embeddable":true,"href":"https:\/\/www.pilatesdelateteauxpieds.com\/en\/wp-json\/wp\/v2\/users\/7"}],"replies":[{"embeddable":true,"href":"https:\/\/www.pilatesdelateteauxpieds.com\/en\/wp-json\/wp\/v2\/comments?post=1927"}],"version-history":[{"count":19,"href":"https:\/\/www.pilatesdelateteauxpieds.com\/en\/wp-json\/wp\/v2\/pages\/1927\/revisions"}],"predecessor-version":[{"id":2738,"href":"https:\/\/www.pilatesdelateteauxpieds.com\/en\/wp-json\/wp\/v2\/pages\/1927\/revisions\/2738"}],"wp:attachment":[{"href":"https:\/\/www.pilatesdelateteauxpieds.com\/en\/wp-json\/wp\/v2\/media?parent=1927"}],"curies":[{"name":"wp","href":"https:\/\/api.w.org\/{rel}","templated":true}]}}

<section class="wpb-content-wrapper"><div class="vc_row wpb_row vc_row-fluid"><div class="wpb_column vc_column_container vc_col-sm-12 sc_layouts_column_icons_position_left"><div class="vc_column-inner"><div class="wpb_wrapper"><div id="sc_content_1008672201"
		class="sc_content sc_content_default sc_float_center hide_icon"><div class="sc_item_descr sc_content_descr sc_align_center">Rendez-vous dans le 2ème arrondissement de Paris, au coeur du quartier Réaumur-Sébastopol, dans un studio privé rempli de lumière, équipé de tous les accessoires nécessaires pour la pratique du Pilates : tapis individuels, ballons, chaises d'entrainement Exo® Chair, Pilates Springboards™ au mur, ainsi qu'un espace pour se changer.</div><div class="sc_content_container"><div class="vc_empty_space"   style="height: 2.7em"><span class="vc_empty_space_inner"></span></div><div class="wpb_gallery wpb_content_element vc_clearfix" ><div class="wpb_wrapper"><div class="wpb_gallery_slides wpb_image_grid" data-interval="3"><ul class="wpb_image_grid_ul"><li class="isotope-item"><a class="" href="https://www.pilatesdelateteauxpieds.com/wp-content/uploads/2021/05/pilatesdelateteauxpieds-studio-pilates-de-la-tete-aux-pieds-01-829x1024.jpg" data-lightbox="lightbox[rel-1927-1542582058]"><img loading="lazy" decoding="async" class="" src="https://www.pilatesdelateteauxpieds.com/wp-content/uploads/2021/05/pilatesdelateteauxpieds-studio-pilates-de-la-tete-aux-pieds-01-280x280.jpg" width="280" height="280" alt="Location de Studio de Pilates à Paris" title="Studio Pilates de la tête aux pieds Paris" /></a></li><li class="isotope-item"><a class="" href="https://www.pilatesdelateteauxpieds.com/wp-content/uploads/2021/05/pilatesdelateteauxpieds-studio-pilates-de-la-tete-aux-pieds-02-682x1024.jpg" data-lightbox="lightbox[rel-1927-1542582058]"><img loading="lazy" decoding="async" class="" src="https://www.pilatesdelateteauxpieds.com/wp-content/uploads/2021/05/pilatesdelateteauxpieds-studio-pilates-de-la-tete-aux-pieds-02-280x280.jpg" width="280" height="280" alt="Studio de Pilates à Paris 2ème arrondissement" title="Studio Pilates de la tête aux pieds Paris" /></a></li><li class="isotope-item"><a class="" href="https://www.pilatesdelateteauxpieds.com/wp-content/uploads/2021/05/pilatesdelateteauxpieds-studio-pilates-de-la-tete-aux-pieds-03-682x1024.jpg" data-lightbox="lightbox[rel-1927-1542582058]"><img loading="lazy" decoding="async" class="" src="https://www.pilatesdelateteauxpieds.com/wp-content/uploads/2021/05/pilatesdelateteauxpieds-studio-pilates-de-la-tete-aux-pieds-03-280x280.jpg" width="280" height="280" alt="Prof diplômée de Pilates à Paris cours particuliers" title="Studio Pilates de la tête aux pieds Paris" /></a></li><li class="isotope-item"><a class="" href="https://www.pilatesdelateteauxpieds.com/wp-content/uploads/2021/05/pilatesdelateteauxpieds-studio-pilates-de-la-tete-aux-pieds-06-682x1024.jpg" data-lightbox="lightbox[rel-1927-1542582058]"><img loading="lazy" decoding="async" class="" src="https://www.pilatesdelateteauxpieds.com/wp-content/uploads/2021/05/pilatesdelateteauxpieds-studio-pilates-de-la-tete-aux-pieds-06-280x280.jpg" width="280" height="280" alt="Studio Pilates avec machines" title="Studio Pilates de la tête aux pieds à Paris" /></a></li><li class="isotope-item"><a class="" href="https://www.pilatesdelateteauxpieds.com/wp-content/uploads/2021/05/pilatesdelateteauxpieds-studio-pilates-de-la-tete-aux-pieds-07-682x1024.jpg" data-lightbox="lightbox[rel-1927-1542582058]"><img loading="lazy" decoding="async" class="" src="https://www.pilatesdelateteauxpieds.com/wp-content/uploads/2021/05/pilatesdelateteauxpieds-studio-pilates-de-la-tete-aux-pieds-07-280x280.jpg" width="280" height="280" alt="Studio Pilates de la tête aux pieds machine cours" title="Studio Pilates de la tête aux pieds Paris 75002" /></a></li><li class="isotope-item"><a class="" href="https://www.pilatesdelateteauxpieds.com/wp-content/uploads/2021/05/pilatesdelateteauxpieds-studio-pilates-de-la-tete-aux-pieds-05-656x1024.jpg" data-lightbox="lightbox[rel-1927-1542582058]"><img loading="lazy" decoding="async" class="" src="https://www.pilatesdelateteauxpieds.com/wp-content/uploads/2021/05/pilatesdelateteauxpieds-studio-pilates-de-la-tete-aux-pieds-05-280x280.jpg" width="280" height="280" alt="Studio de Pilates équipé de machines à Paris" title="Studio Pilates de la tête aux pieds Paris 75002" /></a></li><li class="isotope-item"><a class="" href="https://www.pilatesdelateteauxpieds.com/wp-content/uploads/2021/05/pilatesdelateteauxpieds-studio-pilates-de-la-tete-aux-pieds-043-1024x682.jpg" data-lightbox="lightbox[rel-1927-1542582058]"><img loading="lazy" decoding="async" class="" src="https://www.pilatesdelateteauxpieds.com/wp-content/uploads/2021/05/pilatesdelateteauxpieds-studio-pilates-de-la-tete-aux-pieds-043-280x280.jpg" width="280" height="280" alt="Studio Pilates avec Wall-unit et machine Paris" title="Studio Pilates de la tête aux pieds Paris" /></a></li><li class="isotope-item"><a class="" href="https://www.pilatesdelateteauxpieds.com/wp-content/uploads/2021/05/pilatesdelateteauxpieds-studio-pilates-de-la-tete-aux-pieds-08-639x1024.jpg" data-lightbox="lightbox[rel-1927-1542582058]"><img loading="lazy" decoding="async" class="" src="https://www.pilatesdelateteauxpieds.com/wp-content/uploads/2021/05/pilatesdelateteauxpieds-studio-pilates-de-la-tete-aux-pieds-08-280x280.jpg" width="280" height="280" alt="Studio Pilates de la tête aux pieds à Paris" title="Studio Pilates de la tête aux pieds Paris 2" /></a></li></ul></div></div></div><div class="vc_empty_space"   style="height: 2.2em"><span class="vc_empty_space_inner"></span></div></div></div><!-- /.sc_content --></div></div></div></div><div class="vc_row wpb_row vc_row-fluid"><div class="wpb_column vc_column_container vc_col-sm-12 sc_layouts_column_icons_position_left"><div class="vc_column-inner"><div class="wpb_wrapper"><div class="vc_empty_space"   style="height: 30px"><span class="vc_empty_space_inner"></span></div></div></div></div></div><div class="vc_row wpb_row vc_row-fluid"><div class="wpb_column vc_column_container vc_col-sm-12 sc_layouts_column_icons_position_left"><div class="vc_column-inner"><div class="wpb_wrapper">
	<div class="wpb_text_column wpb_content_element " >
		<div class="wpb_wrapper">
			<h3 style="text-align: center;">PILATES DE LA TÊTE AUX PIEDS<br />
Studio de Pilates à Paris</h3>
<p style="text-align: center;">192 Rue Saint-Denis, 75002 Paris<br />
06 72 82 76 25<br />
emily@pilatesdelateteauxpieds.com</p>
<p style="text-align: center;">Métro les plus proches : Réaumur-Sébastopol, Strasbourg-Saint Denis, Arts et Métiers, Étienne Marcel et Sentier.</p>

		</div>
	</div>
<div class="vc_empty_space"   style="height: 30px"><span class="vc_empty_space_inner"></span></div><div class="wpb_gmaps_widget wpb_content_element"><div class="wpb_wrapper"><div class="wpb_map_wraper"><iframe src="https://www.google.com/maps/embed?pb=!1m18!1m12!1m3!1d2624.5409599253494!2d2.349279551367734!3d48.86696320795534!2m3!1f0!2f0!3f0!3m2!1i1024!2i768!4f13.1!3m3!1m2!1s0x47e66f4011a2ae61%3A0x121e6233293574f6!2sPilates%20de%20la%20tete%20aux%20pieds!5e0!3m2!1sfr!2sfr!4v1615920190115!5m2!1sfr!2sfr" width="600" height="450" style="border:0;" allowfullscreen="" loading="lazy"></iframe></div></div></div></div></div></div></div>
</section>

Rendez-vous dans le 2ème arrondissement de Paris, au coeur du quartier Réaumur-Sébastopol, dans un studio privé rempli de lumière, équipé de tous les accessoires nécessaires pour la pratique du Pilates : tapis individuels, ballons, chaises d'entrainement Exo® Chair, Pilates Springboards™ au mur, ainsi qu'un espace pour se changer. PILATES DE LA TÊTE AUX PIEDS Studio de Pilates à Paris 192&hellip;
