{"id":873,"date":"2024-08-02T10:28:36","date_gmt":"2024-08-02T08:28:36","guid":{"rendered":"http:\/\/nirvana.dv.axiomthemes.com\/?post_type=cpt_testimonials&#038;p=873"},"modified":"2026-03-11T14:23:59","modified_gmt":"2026-03-11T13:23:59","slug":"severine-avis-pilates-de-la-tete-aux-pieds-paris","status":"publish","type":"cpt_testimonials","link":"http:\/\/www.pilatesdelateteauxpieds.com\/en\/testimonials\/severine-avis-pilates-de-la-tete-aux-pieds-paris\/","title":{"rendered":"Cristina"},"content":{"rendered":"<p>Cela fait presque un an que je suis les cours de Pilates avec Emily qui est une enseignante \u00e0 la fois rigoureuse et tr\u00e8s attentive \u00e0 chaque participant. Les cours se passent toujours dans une ambiance joviale et chaleureuse. Les s\u00e9ances ne d\u00e9passent pas 8 personnes et sont bien adapt\u00e9es au niveau de chaque \u00e9l\u00e8ve. Bien qu&#8217;au c\u0153ur d&#8217;un quartier tr\u00e8s anim\u00e9, le studio est au calme, et donne sur une cours. Je recommande vivement&#8230;<\/p>","protected":false},"excerpt":{"rendered":"<p>Cela fait presque un an que je suis les cours de Pilates avec Emily qui est une enseignante \u00e0 la fois rigoureuse et tr\u00e8s attentive \u00e0 chaque participant. Les cours se passent toujours dans une ambiance joviale et chaleureuse. Les s\u00e9ances ne d\u00e9passent pas 8 personnes et sont bien adapt\u00e9es au niveau de chaque \u00e9l\u00e8ve. Bien qu&#8217;au c\u0153ur d&#8217;un quartier&hellip;<\/p>","protected":false},"author":1,"featured_media":0,"template":"","class_list":["post-873","cpt_testimonials","type-cpt_testimonials","status-publish","hentry","cpt_testimonials_group-temoignages-et-avis"],"_links":{"self":[{"href":"http:\/\/www.pilatesdelateteauxpieds.com\/en\/wp-json\/wp\/v2\/cpt_testimonials\/873","targetHints":{"allow":["GET"]}}],"collection":[{"href":"http:\/\/www.pilatesdelateteauxpieds.com\/en\/wp-json\/wp\/v2\/cpt_testimonials"}],"about":[{"href":"http:\/\/www.pilatesdelateteauxpieds.com\/en\/wp-json\/wp\/v2\/types\/cpt_testimonials"}],"author":[{"embeddable":true,"href":"http:\/\/www.pilatesdelateteauxpieds.com\/en\/wp-json\/wp\/v2\/users\/1"}],"wp:attachment":[{"href":"http:\/\/www.pilatesdelateteauxpieds.com\/en\/wp-json\/wp\/v2\/media?parent=873"}],"curies":[{"name":"wp","href":"https:\/\/api.w.org\/{rel}","templated":true}]}}

<p>Cela fait presque un an que je suis les cours de Pilates avec Emily qui est une enseignante à la fois rigoureuse et très attentive à chaque participant. Les cours se passent toujours dans une ambiance joviale et chaleureuse. Les séances ne dépassent pas 8 personnes et sont bien adaptées au niveau de chaque élève. Bien qu&#8217;au cœur d&#8217;un quartier très animé, le studio est au calme, et donne sur une cours. Je recommande vivement&#8230;</p>

<p>Cela fait presque un an que je suis les cours de Pilates avec Emily qui est une enseignante à la fois rigoureuse et très attentive à chaque participant. Les cours se passent toujours dans une ambiance joviale et chaleureuse. Les séances ne dépassent pas 8 personnes et sont bien adaptées au niveau de chaque élève. Bien qu&#8217;au cœur d&#8217;un quartier&hellip;</p>
